14).
-39
Let u(p) = p**2 - 14*p + 50. Give u(8).
2
Let w(m) = m**3 + 10*m**2 + 19*m + 13. Determine w(-8).
-11
Let i(k) = -3*k**2 + 13*k - 21. Calculate i(5).
-31
Let q(c) = -5*c + 2. Calculate q(2).
-8
Let p(x) = x**2 - 11*x - 13. What is p(12)?
-1
Let c(k) = k**2 - 13*k + 3. Calculate c(8).
-37
Let u(i) = -5*i - 42. Give u(-11).
13
Let v(b) = -b**3 - 57*b**2 + 309*b - 61. Give v(-62).
1
Let x(r) = -6*r + 9. Calculate x(5).
-21
Let i(g) = -2*g**3 - 3*g**2 - 2*g + 4. Give i(-2).
12
Let v(r) = 2*r**2 - 14*r + 35. What is v(3)?
11
Let k(v) = v**2 - 9*v + 7. Give k(6).
-11
Let f(t) = t**3 - 2*t**2 - 6*t + 2. Determine f(3).
-7
Let v(j) = -7*j**3 + 4*j**2 - 2*j - 4. Determine v(2).
-48
Let z(r) = r**3 + 2*r**2 - 6*r - 4. Give z(-3).
5
Let x(n) = -40*n - 2. Calculate x(1).
-42
Let z(u) = 4*u**2 + 8. What is z(-4)?
72
Let o(f) = 2*f**3 - 56*f**2 - 57*f - 33. Calculate o(29).
-4
Let u(n) = -2*n**3 - 4*n**2 - 7*n + 19. Determine u(2).
-27
Let s(q) = 7*q**2 + 50*q + 95. Calculate s(-2).
23
Let i(x) = 3*x**2 - 91*x + 118. Determine i(29).
2
Let z(r) = 3*r**2 + 7*r + 34. Give z(-5).
74
Let q(b) = -b**3 + 6*b**2 - 4*b + 25. Give q(6).
1
Let l(i) = i**2 + i. What is l(7)?
56
Let j(c) = -c**3 - 11*c**2 + 28*c + 14. Give j(-13).
-12
Let l(v) = -v**2 + 4*v - 7. Determine l(-5).
-52
Let d(l) = l**2 + 6*l + 39. Calculate d(-3).
30
Let f(r) = -r**2 - 10*r - 14. Determine f(-6).
10
Let a(y) = -10*y - 23. Give a(8).
-103
Let d(m) = -m**3 - 6*m**2 + m + 12. Determine d(-6).
6
Let i(x) = -4*x**3 - 2*x**2 - 2*x + 1. Determine i(2).
-43
Let w(b) = -b**2 - b + 222. Give w(15).
-18
Let b(a) = 2*a**2 + 7*a + 16. Give b(-3).
13
Let f(x) = -x**3 + 3*x**2 + 7*x - 8. What is f(4)?
4
Let h(b) = -b**2 + 18*b - 35. What is h(16)?
-3
Let r(s) = 2*s**3 - 49*s**2 - 80*s + 48. Calculate r(26).
-4
Let d(k) = 3*k**3 - 2*k**2 - 8*k + 3. Give d(1).
-4
Let v(a) = -6*a - 28. Give v(-5).
2
Let g(m) = 10*m - 55. Give g(4).
-15
Let z(y) = -y**3 - 4*y**2 + 15*y + 65. Give z(-4).
5
Let a(u) = -u**3 + 5*u**2 + 5*u - 12. Calculate a(6).
-18
Let m(g) = g**3 + 38*g**2 + 34*g - 102. What is m(-37)?
9
Let q(w) = 3*w + 1. What is q(3)?
10
Let l(x) = -x - 5. Calculate l(-5).
0
Let p(j) = -2*j + 20. Give p(9).
2
Let y(q) = -q**3 - 5*q**2 + 12*q - 7. What is y(-7)?
7
Let p(i) = i**2 - 7*i + 8. Determine p(4).
-4
Let v(b) = -5*b - 27. What is v(-6)?
3
Let v(y) = -6*y**2 + 22*y - 2. What is v(4)?
-10
Let u(d) = -11*d**2 - 5*d. What is u(4)?
-196
Let r(w) = w**3 - 3*w**2 + 3*w + 2. Give r(3).
11
Let y(r) = -r**2 - 7*r + 10. Give y(3).
-20
Let o(k) = -8*k - 3. Determine o(2).
-19
Let k(i) = -2*i - 24. Calculate k(-9).
-6
Let o(s) = s**3 - 9*s**2 - 10*s + 8. Determine o(10).
8
Let y(t) = t + 17. Give y(-9).
8
Let t(r) = r**3 + 5*r**2 + r - 3. Calculate t(-3).
12
Let q(g) = -5*g + 11. Calculate q(8).
-29
Let a(n) = n - 25. What is a(5)?
-20
Let n(u) = -5*u**2 + 30*u - 3. Calculate n(6).
-3
Let a(j) = j**3 - 29*j**2 + 30*j - 52. Calculate a(28).
4
Let n(t) = -19*t + 23. Give n(2).
-15
Let p(d) = d - 17. What is p(6)?
-11
Let c(s) = s**2 - 8*s + 8. Calculate c(7).
1
Let c(b) = 10*b + 113. Give c(-9).
23
Let a(r) = r**3 - 8*r**2 + 6*r - 1. What is a(7)?
-8
Let m(d) = -4*d**2 - 12*d + 35. Calculate m(2).
-5
Let g(u) = 2*u**2 - 40*u - 11. Calculate g(21).
31
Let a(x) = 3*x**3 + 4*x**2 - 3*x - 6. Give a(3).
102
Let j(a) = -2*a**2 - 32*a - 115. Give j(-10).
5
Let n(o) = -4*o - 57. What is n(-17)?
11
Let z(q) = -q + 10. Give z(-8).
18
Let v(k) = -k**2 - 9*k - 7. Give v(-8).
1
Let f(q) = q**3 + 12*q**2 + 2*q + 4. Determine f(-12).
-20
Let p(k) = -3*k**2 - 3*k - 2. What is p(-2)?
-8
Let g(d) = -2*d**2 + 7*d - 9. Calculate g(4).
-13
Let u(c) = -6*c**2 - 4*c + 5. Calculate u(-3).
-37
Let q(u) = -u**2 - u - 7. Calculate q(-5).
-27
Let z(n) = n**2 + 9*n - 9. Determine z(-7).
-23
Let i(x) = x**2 - 7*x - 4. Give i(8).
4
Let c(h) = h**2 - 1. Calculate c(-4).
15
Let u(l) = 4*l - 39. What is u(11)?
5
Let b(g) = g**2 + 19*g + 54. Determine b(-15).
-6
Let k(s) = 5*s**3 + 46*s**2 + 9*s - 3. Give k(-9).
-3
Let w(v) = 21*v - 120. Calculate w(6).
6
Let m(o) = -o - 19. What is m(-7)?
-12
Let s(z) = z**2 + 5*z + 1. What is s(-2)?
-5
Let v(o) = -o + 11. Calculate v(9).
2
Let i(g) = 19*g**3 - g**2 - 1. Calculate i(-1).
-21
Let g(v) = -v**2 - 19*v - 23. What is g(-17)?
11
Let t(a) = -3*a**2 + 7*a - 13. Calculate t(6).
-79
Let x(h) = h**2 + 17*h + 27. What is x(-15)?
-3
Let h(a) = -a**2 + 14. Calculate h(5).
-11
Let t(z) = z**2 + 4*z - 42. Determine t(0).
-42
Let d(f) = -f**3 + 2*f**2 + 7*f + 6. Give d(4).
2
Let g(u) = -3*u - 18. Give g(-4).
-6
Let l(a) = -10*a - 4. Determine l(-5).
46
Let q(i) = i**2 + 9*i + 3. Calculate q(-9).
3
Let t(b) = -b**3 - 6*b**2 - 3*b + 3. Give t(-4).
-17
Let m(o) = -o**2 - 16*o - 31. Determine m(-14).
-3
Let o(j) = j**2 - 16*j + 1. What is o(16)?
1
Let h(o) = -4*o**2 - 3*o - 3. What is h(-2)?
-13
Let b(c) = -15*c - 68. Give b(-6).
22
Let b(a) = -12*a**2 + 96*a - 7. Give b(8).
-7
Let j(v) = 5*v**2 - 29*v - 4. Give j(6).
2
Let q(r) = -4*r + 21. What is q(6)?
-3
Let v(x) = -4*x**3 - 2*x**2 + x - 2. Calculate v(2).
-40
Let x(z) = 38*z + 313. Calculate x(-8).
9
Let f(l) = -2*l - 23. Calculate f(-12).
1
Let o(t) = -t**2 + 5*t + 50. Determine o(-5).
0
Let g(h) = 12*h + 9. Determine g(5).
69
Let h(q) = 3*q**2 + 68*q + 70. What is h(-22)?
26
Let y(w) = -w**2 + 10*w + 17. Calculate y(12).
-7
Let z(d) = 5*d - 4. What is z(9)?
41
Let z(f) = -5*f + 20. Determine z(12).
-40
Let u(p) = p - 14. What is u(10)?
-4
Let i(l) = -55*l + 813. What is i(15)?
-12
Let q(o) = -o**2 + 80*o - 1132. Give q(62).
-16
Let s(m) = -m**3 + 8*m**2 + 24*m - 35. Determine s(10).
5
Let b(y) = -y**3 - 3*y**2 - 5*y - 9. Calculate b(-4).
27
Let p(w) = -3*w**2 + 21*w. Give p(7).
0
Let m(t) = 6*t**2 - 14*t - 2. Determine m(2).
-6
Let a(k) = 12*k - 19. What is a(2)?
5
Let o(q) = -2*q + 19. Determine o(-4).
27
Let m(q) = -q**2 + 9*q - 45. Calculate m(14).
-115
Let l(t) = -t**3 - 8*t**2 - t - 13. What is l(-8)?
-5
Let x(o) = o**3 - 3*o**2 + 2*o - 6. Give x(4).
18
Let a(i) = -i**3 - 17*i**2 - 68*i - 10. What is a(-6)?
2
Let j(w) = -w**2 - 13*w + 20. Give j(-14).
6
Let h(w) = -w**3 - 10*w**2 - 1. Give h(-10).
-1
Let w(i) = i**3 - 8*i**2 + 2*i + 16. Give w(7).
-19
Let z(f) = f**2 + 12*f + 36. What is z(-10)?
16
Let s(p) = p**2 + 7*p + 14. Determine s(-5).
4
Let n(t) = 33*t**2 - t + 1. Calculate n(1).
33
Let h(q) = -q**3 - 8*q**2 - 3*q + 12. Calculate h(-5).
-48
Let s(b) = b**3 + 11*b**2 + 10*b. Determine s(-10).
0
Let p(f) = f**2 + 8*f - 9. Determine p(-10).
11
Let h(g) = -g - 1. What is h(-7)?
6
Let u(m) = 45*m**2 - 2*m + 2. Calculate u(1).
45
Let m(h) = -3*h**2 - 12*h + 30. Give m(2).
-6
Let x(n) = -n**2 + 11*n - 26. Calculate x(9).
-8
Let x(j) = j - 25. Determine x(0).
-25
Let x(z) = z**3 + 14*z**2 - 14*z - 3. Give x(-15).
-18
Let p(n) = -n**3 - 12*n**2 - 2*n - 2. Determine p(0).
-2
Let v(j) = -j**3 - 2*j**2 - 4*j. Give v(-2).
8
Let o(n) = 2*n**2 + n - 3. Give o(-3).
12
Let g(y) = -y**2 + 10*y - 5. Calculate g(11).
-16
Let f(y) = -23*y + 1. Determine f(1).
-22
Let j(r) = -r**3 + 5*r**2 + 5*r - 3. Calculate j(7).
-66
Let r(k) = -3*k**2 + 8*k - 16. What is r(6)?
-76
Let b(c) = c - 11. Determine b(3).
-8
Let g(c) = -96*c - 288. What is g(-3)?
0
Let i(m) = -m**2 + 16*m - 9. What is i(6)?
51
Let l(q) = -45*q + 19. Determine l(2).
-71
Let d(y) = y**2 + 4*y + 19. Calculate d(-4).
19
Let r(k) = 2*k**2 - 4*k + 4. Determine r(3).
10
Let b(h) = 3*h - 31. What is b(13)?
8
Let s(v) = -v**2 + 11*v + 6. Calculate s(9).
24
Let o(w) = -w**2 + 2*w + 96. Give o(-10).
-24
Let l(p) = -p**3 - 8*p**2 + 13*p + 12. Determine l(-10).
82
Let y(m) = -m**2 - 72*m - 618. What is y(-10)?
2
Let m(n) = -n**3 + 13*n**2 - 24*n + 15. Calculate m(11).
-7
Let o(u) = 5*u + 74. Give o(-16).
-6
Let j(v) = v**3 + 35*v**2 + 22*v - 403. What is j(-34)?
5
Let h(b) = -b**3 + 3*b - 3. Determine h(4).
-55
Let u(p) = -8*p + 53. Give u(6).
5
Let y(o) = -2*o**3 - 7*o**2 - 5*o - 2. What is y(-4)?
34
Let g(j) = -15*j - 6. What is g(4)?
-66
Let m(t) = t**3 - 6*t**2 + t + 14. Calculate m(5).
-6
Let c(p) = -2*p**2 + 3*p + 84. What is c(-6)?
-6
Let l(b) = b**3 + 4*b**2 - 2*b - 1. What is l(-5)?
-16
Let v(m) = -m**2 - 8*m - 16. Give v(-9).
-25
Let n(t) = -3*t**2 + 3*t + 2. Give n(-1).
-4
Let x(f) = f**3 - 5*f